t of n?
2
Let j be 0 - 1/((-1)/2). Suppose -5*o - 57 = -j*z, o + 4 - 22 = -z. What is the tens digit of z?
2
What is the hundreds digit of -3*(-2)/14 - 1180/(-7)?
1
Let t be (-34)/(-10) + (-4)/10. Let i = 10 + -8. Suppose -7 = -i*k + t. What is the units digit of k?
5
Let k be 3/(2*(-3)/(-4)). Suppose t - 4 + k = 0. Suppose 0 = -4*d - t*g + 47 - 3, g + 38 = 4*d. What is the units digit of d?
0
Let f = 27 - 2. What is the units digit of f?
5
Let r be 1/5 - (-152)/(-10). What is the tens digit of (-206)/(-8) - r/(-20)?
2
Let h(u) = u**3 + 4*u**2 - 7*u - 5. Suppose 5 = 4*n + 25. What is the units digit of h(n)?
5
Suppose 2 = -l + u, -2*l - 8*u - 10 = -4*u. What is the tens digit of 36 + (5 + l - 3)?
3
Let t(h) = h + 23. What is the units digit of t(17)?
0
Suppose 3*w + 49 = 2*b + 1, 2*b + 5*w - 48 = 0. What is the units digit of b?
4
Let l(n) = -n**3 + n**2 - 7. What is the units digit of l(-3)?
9
Let o be 122*2/(-16)*-4. Suppose -o = -3*z + 26. What is the tens digit of z?
2
Suppose 32 + 223 = 3*m. What is the tens digit of m?
8
Suppose -1320 - 766 = -14*m. What is the tens digit of m?
4
Suppose 0 = s - 5*m - 31, -5*s - 5*m + 65 = -0*s. What is the units digit of s?
6
Let t be 5 - 7 - 2/(-2). What is the tens digit of 2*(t - 100/(-8))?
2
Suppose 3*r - 6*r + 3 = 2*a, -9 = -2*r + a. Suppose c - 5*c + 98 = r*v, -4*c = v - 38. What is the tens digit of v?
3
Let p = 0 + 4. What is the units digit of (2 - p/3)*12?
8
Let d(b) be the first derivative of -b**4/4 + 2*b**3 + b + 1. Let x be d(6). Suppose -x = -3*k + 5. What is the units digit of k?
2
Suppose -2*d + 30 = -2*x, 0 = -5*d - 2*x - 2*x + 66. What is the tens digit of 8/d*833/14?
3
Suppose 29 = 5*v - 2*l, -21 = -4*v - 2*l - 5. Suppose 0 = -4*f + p + 3, 2*f - 1 - 6 = -5*p. Suppose i - v - f = 0. What is the units digit of i?
6
Let f(o) = -o**3 + 10*o**2 + 16*o - 11. Let y be f(11). What is the units digit of y/6*3/2?
1
Let m be (45/(-10))/(2/(-4)). Suppose -g + 3 + m = 0. What is the units digit of g?
2
Let s(h) = -h**2 - 8*h - 7. Let b be s(-7). Suppose -3*t + 2*z + 25 = -2*t, -2*t - 3*z + 15 = b. What is the units digit of t?
5
Suppose -5*b = 3*c + 2 + 8, 0 = -4*c + 2*b + 4. Let p be 3/(2/(-2) - -2). Suppose -p*m + 2*k + 10 = c, k - 6 = -2. What is the units digit of m?
6
Let f(b) = -10*b**3 - b**2 + b - 1. Let z be f(1). Let x = z - -21. What is the tens digit of x?
1
Suppose 3*s = 2*s. Let b(f) = -f + 36. What is the tens digit of b(s)?
3
Let n(f) = f**2 + 10*f + 13. Let q be (-30)/4*(-16)/(-12). What is the tens digit of n(q)?
1
Suppose -3*i + 3*y + 10 = 5*y, 0 = -2*i - 2*y + 4. Suppose -5*k + 216 = i. What is the units digit of k?
2
Let x = 27 + 0. What is the tens digit of x - (-12*1)/(-3)?
2
Let j = 40 - 38. What is the units digit of j?
2
Suppose 0*x + 2*x + 5*s = 255, -5*s - 5 = 0. What is the units digit of x?
0
Let b(u) = -u**2 + 12*u - 12. Let a be b(10). Let i(g) = -2*g - 3. Let k be i(-4). Suppose -k*x = -27 - a. What is the units digit of x?
7
Let z = -14 - -9. Let d = 8 + z. What is the units digit of d?
3
Let k(q) = 3*q + 3 - 3*q + q. Let o be (4/(-5))/((-1)/5). What is the units digit of k(o)?
7
Let z(r) = -15*r**2 - 2*r + 2. Let d(h) = -7*h**2 - h + 1. Let c(j) = 9*d(j) - 4*z(j). Let f be c(1). Let u = 4 + f. What is the units digit of u?
1
Suppose 2*o - 2 = -0*o, 0 = -2*d - o + 269. What is the tens digit of d?
3
Suppose 0 = -2*y - 3*m + 261, -3*y + 391 = -m + 5*m. What is the hundreds digit of y?
1
Let j(l) = -l**2 + 9*l - 15. Let h be j(6). What is the units digit of h*(1 - 2/6)?
2
Let m(o) = o**2 - o + 1. Let i be m(-4). Suppose 2*u + i = 61. What is the units digit of u?
0
Let t(x) = -5*x + 15. What is the units digit of t(-8)?
5
Suppose 5*q = -5*z - 30, -2*z + q + 0 = 6. Let f = z + 26. Suppose -2*c + 15 = -5*c, 0 = 3*a + 5*c + f. What is the units digit of a?
1
Suppose 2*c + 12 = -c. Let j be (1/4)/(c/(-16)). Suppose -49 = -5*x + j. What is the tens digit of x?
1
Suppose -604 = -4*k - 5*a, -4*k = -3*a - a - 568. What is the hundreds digit of k?
1
Suppose 0 = 4*c - 44 + 12. Suppose l + l = c. Suppose -l*d + 13 = -19. What is the units digit of d?
8
Suppose 2*h - 61 = 9. Let d = h - 21. What is the units digit of 4/d - 400/(-70)?
6
Let k be (1/3)/(2/(-6)). Let j(d) = -d + 11. Let p be j(8). Let r = k + p. What is the units digit of r?
2
Suppose h + 4*b = 0, -5*b = -5*h - 4*b. Suppose -r + 14 + 3 = h. Suppose -c + 2*c - 5*m + 10 = 0, 0 = -4*c + m + r. What is the units digit of c?
5
Let v = -93 + 53. Let m = 61 + v. What is the units digit of (-54)/(-7) + 6/m?
8
Let b = -127 + 197. What is the tens digit of b?
7
Let g(h) = 1 - 3*h - 4*h + 6*h. Let r be ((-6)/1)/((-6)/(-6)). What is the units digit of g(r)?
7
Let w(i) = i**3 - 9*i**2 - 8*i - 4. Let a be w(10). Suppose -5*t - 4*b = -b + 58, -b = -4*t - 43. Let g = t + a. What is the units digit of g?
5
Let f(w) = -1. Let u(k) = -2*k + 11. Let i(g) = -5*f(g) - u(g). Let z be i(5). Suppose -z*v + 33 = 9. What is the units digit of v?
6
Suppose 6*p = 3*p - 9. Let t(j) = j + 2 - 3 + 5. What is the units digit of t(p)?
1
Let k(y) = y**3 - 4*y**2 + y + 1. Suppose -5*x = -3*x. Suppose 0 = -5*u + j + 22, -5*u + 2*j + 27 - 3 = x. What is the units digit of k(u)?
5
What is the units digit of 180/(3 - 0)*(0 - -1)?
0
Suppose 4*m = -5*o - 2, 5 = -4*o - 3. Suppose 0 = n - 3*w - 42, n + w = -3*w + 28. Suppose n = m*p + p. What is the tens digit of p?
1
Let v be (-1)/4 + 98/8. Suppose -2*k - k = v. Let y = k + 8. What is the units digit of y?
4
Let n be 3/((-76)/(-32) - 2). Let a(m) = -m**3 + 7*m**2 + 8*m + 10. What is the units digit of a(n)?
0
Suppose 46 = 3*y - 92. What is the units digit of y?
6
Let y = -14 - -10. What is the tens digit of 8/y*(-39)/6?
1
Suppose q = 2*q - 5*l - 132, 3*q = l + 410. Suppose 5*k = -17 + q. What is the tens digit of k?
2
Let q be -7*(-4)/(-56)*-4. Suppose -2*a = q*w - 86, -4*w - 5*a = -3*w - 43. What is the tens digit of w?
4
Suppose -4*r - 4*y + 19 = -5*r, -3*y = r - 9. Let a = 0 - 2. Let q = a - r. What is the units digit of q?
1
Let n be (-82)/(-7) + (-4)/(-14). Suppose b - d - 14 - 9 = 0, 4*d = n. Suppose b = 3*w - 3*y + 5*y, 0 = w + 5*y. What is the units digit of w?
0
Suppose l + 0 + 6 = 3*n, 2*n = 2*l + 24. Let d = l - -4. Let s = 17 + d. What is the units digit of s?
6
What is the hundreds digit of (9 - 119)*(-1 + 3)/(-2)?
1
Let m = 186 - 131. What is the units digit of m?
5
Let a(f) = 4*f**2 + f + 2. What is the units digit of a(-1)?
5
What is the units digit of 90/(-75)*160/(-6)?
2
Let d(q) = q + 6. Let n be d(-6). Suppose n = -3*k + 4 - 28. Let i = 14 + k. What is the units digit of i?
6
Let m(i) = 0*i - i**2 - 8*i - 1 + 0 - 4. Let b be m(-7). What is the units digit of (-4)/(-2) + 1*b?
4
Let t = -12 + 16. Suppose -12 = t*d - 120. What is the units digit of d?
7
What is the units digit of (-249)/(-15) - (-4)/10?
7
Let o(u) = u**2 + 3*u + 4. Let y = -17 + 11. Let g be (y/(-8))/((-1)/4). What is the units digit of o(g)?
4
Suppose -4*p + 24 + 116 = 0. What is the units digit of p?
5
Suppose 0 = -3*a - 0*a + 12. Suppose n = -a*n + 110. What is the units digit of n?
2
Suppose 0 = 5*b - 3*o - 63, 0 = b + 3*b - 2*o - 50. What is the tens digit of b?
1
What is the tens digit of (18 - 3)*(5 - (2 + -3))?
9
Let p(b) = b - 1. Let x be p(5). Let k(f) = 4*f - 10. Let h be k(3). Let w = x - h. What is the units digit of w?
2
Let v(d) = -27*d - 1. What is the tens digit of v(-1)?
2
Let v = -11 + 18. Let y(k) = -k**3 + 8*k**2 - 2*k - 4. What is the units digit of y(v)?
1
Let d(u) = u**3 - 13*u**2 + 15*u - 11. What is the units digit of d(12)?
5
Suppose 2*m = -2*m + 220. Suppose -2*y = -5*h - 4*y + 63, -4*h = -3*y - m. What is the tens digit of h?
1
Let n(f) = f**3 - 2*f**2 - 3*f + 2. Let h be n(3). Suppose h = 2*w, -7 = s - 4*s + 5*w. What is the units digit of s?
4
Let h be (-1)/4 - (-146)/8. Suppose -h = -t - f + 38, -f = 3*t - 158. Suppose 7 - t = -4*o. What is the tens digit of o?
1
Suppose -3*x + 18 = -45. What is the units digit of x?
1
Suppose -3*d - 51 = -291. What is the units digit of d?
0
Suppose -b + j = 0, -6 + 18 = 3*b + 3*j. Suppose 0*a + k + 23 = b*a, a - 4 = 3*k. What is the tens digit of a?
1
Let f = -23 - -44. Suppose -2*w = -4*p + 154, -p - 3*w + f = -0*p. What is the units digit of p?
6
L